 Let g be 32/(-12)*546/h. What is the greatest common divisor of g and 26?
26
Let p be 3/1 - (-18 - 33). Suppose j + 2 = 4*o, 0*j + j + 7 = 5*o. Let v be ((-27)/18)/((-1)/j). What is the highest common factor of p and v?
27
Let r(y) = -y**3 + 6*y**2 - 12*y + 39. Let q be r(5). Suppose -j + 782 = 3*j - 5*s, -2*j + 388 = -q*s. What is the greatest common factor of j and 22?
22
Suppose 9*s - 9 = -0*s. Let h be 0 - (9 - 2)*s. Let v be -3 - h - (-6)/2. Calculate the highest common factor of v and 49.
7
Let u(p) = 62*p + 2633. Let w be u(-39). What is the greatest common factor of 6235 and w?
215
Let w(z) = -z**3 - 20*z**2 + 23*z + 39. Let v be w(-21). Let j be (v - (-29)/2)*20. Calculate the highest common divisor of 10 and j.
10
Let a = -1749 - -1210. Let l = a - -715. What is the greatest common factor of l and 32?
16
Suppose -5*m = -395 - 925. Let r(w) = 39*w**2 + 4*w + 4. Let g be r(2). Suppose g = v + 6*v. What is the greatest common divisor of v and m?
24
Let i(h) be the second derivative of h**4/12 - 2*h**3/3 + 6*h. Let q be i(-6). Let w = 2275 - 2251. What is the greatest common divisor of w and q?
12
Let y(n) = n**2 - 7*n + 4. Let s be y(3). Let g = -5 - s. Suppose -g*b - 131 = -677. Calculate the greatest common divisor of b and 26.
26
Suppose -3*r + 3*z + 24 = 0, 2*z = 5*r - 24 - 13. Let u = 128451 - 128178. What is the greatest common factor of u and r?
7
Let t(m) = m**2 + 6*m - 14. Let g be t(-8). Suppose a - 2*n - 60 = 0, -g*a + 2*n - 3 = -123. What is the highest common factor of 15 and a?
15
Suppose 33 = o + 2*j - 10, 0 = -2*o - 5*j + 83. Let a be 3 + 2/(-5 - -3)*-11. Calculate the greatest common factor of o and a.
7
Suppose -153*g = -89*g - 12352. Calculate the greatest common divisor of 16019 and g.
193
Let f be (-21)/(-35) + (-154)/(-10). Let n be (-4)/(-3)*(0 + 3). Suppose 36 = n*j + 5*j. Calculate the greatest common divisor of j and f.
4
Suppose 0*f + 2*f = 76. Let z(u) = 114*u**3 - 35*u**2 + 52*u - 17. Let d be z(1). Calculate the highest common divisor of f and d.
38
Let t(q) = -3*q**2 + 87*q + 12. Let x be t(20). Calculate the highest common factor of x and 12.
12
Suppose 13*t = 7*t. Let x be (3 - 6)/(-3)*(9 + t). Let y be (-4)/6 - (-69)/x. What is the greatest common divisor of 56 and y?
7
Let o be 6/20 + 1863/690. Let a(c) = 10*c**2 - 2*c - 6. Let f be a(6). Suppose -o*k = 6*k - f. Calculate the highest common divisor of 57 and k.
19
Let f be -45*(-403)/775 + 4/(-10). What is the greatest common factor of 2668 and f?
23
Let t be (-41)/(656/(-5600)) - (-3)/(-1). Calculate the highest common factor of 2 and t.
1
Let d(t) = -t**2 - 6*t + 10. Let n be d(-6). Let r be n*((-7)/(-2) - 3). Let b be (4/(-5))/(r/(-100)). What is the greatest common divisor of b and 16?
16
Let v(d) = 3*d + 2. Let f be v(1). Suppose f*z = -2*z + 70. Suppose 46 - z = 3*j. Calculate the highest common divisor of 84 and j.
12
Let o = 8849 + -8692. What is the highest common divisor of 1 and o?
1
Suppose -14*b + 5622 = -10842. What is the greatest common divisor of 120 and b?
24
Let r be 6 + -12 - ((-6 - -4) + -4167). Calculate the greatest common divisor of 23 and r.
23
Let r = 238 + -232. Let s(d) = 2*d**3 - 9*d**2 - 19*d + 12. Let f be s(r). What is the greatest common divisor of f and 8?
2
Let y be (-16)/3*12/(-8). Let p = -3 + y. Suppose -31 = -z - 0*v + p*v, -4*z + 36 = 2*v. Calculate the highest common divisor of 1 and z.
1
Let t(j) = 1852*j**2 - 592*j + 1182. Let d be t(2). What is the greatest common factor of d and 138?
46
Let k = 96 + -138. Let v = 94 + k. Calculate the greatest common divisor of v and 26.
26
Suppose 0 = 4*m - 4*m + 5*m. Suppose 157*z - 150*z - 308 = m. Calculate the greatest common divisor of 220 and z.
44
Let z = 257 + 251. Let j = z - 459. Calculate the greatest common divisor of 63 and j.
7
Let i(u) = -7*u + 24. Let q be i(-6). Let n be q/(-3)*189/6. Let j be (-4)/((-7)/(n/(-2))). What is the highest common factor of j and 22?
22
Let o(n) = n**2 + 4*n - 26. Let a(p) = 2*p - 28. Let k be a(8). Let z be o(k). Calculate the greatest common divisor of z and 35.
35
Let h = 13 + -1. Let o be 2/(-8) - (-3)/h. Suppose v = -2*p + 52 + 3, 4*v - 4 = o. What is the highest common factor of 3 and p?
3
Let r(f) be the third derivative of f**4/24 + 7*f**3 - 147*f**2. Let b be r(-30). Calculate the greatest common factor of 192 and b.
12
Let b = -5313 + 5841. What is the greatest common factor of 1232 and b?
176
Suppose k - 1396 = -3*b, 32*b - 37*b + 4*k + 2338 = 0. Let y = b - 433. What is the greatest common divisor of y and 627?
33
Suppose 0 = -5*r + 4*r + 4, 2*r + 46 = f. Let g = 2410 - 2356. What is the greatest common divisor of g and f?
54
Suppose 5*s = -2 - 13, -j - s = -132. What is the highest common divisor of 60 and j?
15
Let k(o) = 10*o**2 - 41*o + 39. Let w be k(1). Calculate the greatest common factor of 808 and w.
8
Let i = -108 + 163. Let g = i - 16. Calculate the greatest common divisor of g and 39.
39
Let d(r) = -6*r**2 - 207*r - 75. Let w be d(-34). What is the highest common divisor of 9 and w?
9
Let l(h) = h**3 + 44*h**2 + 34*h - 71. Let q be l(-43). What is the highest common factor of 12 and q?
4
Let c(v) = -v**3 - v**2 - 2. Let w(r) = -r**3 + 2*r**2 - 9*r + 6. Let y(z) = 5*c(z) + w(z). Let h be y(-4). What is the greatest common divisor of h and 23?
23
Let q be (4/(-3))/((-4)/18). Suppose 19*k - 297 = k + 135. What is the greatest common factor of k and q?
6
Let t(n) = 27*n + 1722. Let m be t(-28). What is the greatest common divisor of m and 92?
46
Let b(s) = 17*s**3 + 9*s**2 + 27*s + 26. Let m be b(5). What is the greatest common divisor of 81 and m?
81
Let z = 739 + -559. What is the greatest common factor of 234 and z?
18
Let i be -5 - (5 + -1 + 3/3). Let l(j) = -3*j**2 - 37*j + 14. Let z be l(i). Calculate the greatest common divisor of 84 and z.
84
Suppose -5*j + 7*j - 4 = 0. Suppose -j*d = 2*d - 16. Let c be 78/d + (-8)/16. Calculate the greatest common factor of c and 19.
19
Let k(w) = 3*w - 48. Let h be k(46). Suppose -4*z = -8 - 0. Suppose z = -g + h. Calculate the highest common divisor of 22 and g.
22
Suppose -9*l + 539 = 71. Suppose -8*v - l = -436. What is the highest common divisor of v and 512?
16
Let f = 1653 - 1493. Calculate the highest common divisor of 220 and f.
20
Let b = -40 + 28. Let q = -52 + b. Let u = 79 + q. What is the greatest common divisor of u and 5?
5
Let f(j) = 56*j**2 - 59*j - 59. Let t be f(-1). What is the highest common factor of t and 7112?
56
Let l be 120/(-18)*-3 - -5. Suppose 4*s = -5*q + 65, q + l = 2*s + 6*q. What is the highest common factor of 20 and s?
20
Let i be 5/(-20) + 45/(-12). Let g be (0 - 2)/(i/8). Suppose 0 = -0*c - 2*c + g. What is the greatest common factor of 18 and c?
2
Suppose -3*j + 58 = -2*x, 3*j - x = -2*j + 85. Let p = j + -59. Let w = -38 - p. What is the highest common divisor of w and 125?
5
Let t = 21 + 49. Suppose -2*f + 40 = 3*f. Suppose f*l - 56 = 4*l. Calculate the highest common divisor of t and l.
14
Let n(u) = -38*u + 257. Let b(l) = 81*l - 514. Let f(q) = -2*b(q) - 5*n(q). Let k be f(10). Calculate the greatest common divisor of 1058 and k.
23
Let o = -348 - -353. Suppose -9*a + o*a - 134 = -5*t, 5*t - 133 = 3*a. What is the greatest common factor of 442 and t?
26
Let r = -2793 + 2808. Calculate the highest common factor of 24 and r.
3
Suppose 535*m = 525*m + 2590. What is the highest common divisor of 481 and m?
37
Suppose -3*u = -4*d - 889, 1206 = 3*u + u + 5*d. Let j = u + -31. Calculate the greatest common divisor of j and 201.
67
Let b be (-44)/(-3)*38808/1056. Calculate the greatest common divisor of 88 and b.
11
Suppose -4*k = -0*k + 484. Suppose 0 = 2*u + 99 - 521. Let i = k + u. What is the highest common factor of 10 and i?
10
Suppose 3*a - 124 = -4*x, x - 98 = -2*a + 6*x. Let i be (110*10/(-200))/((-2)/128*2). Calculate the greatest common divisor of a and i.
44
Suppose 0 = z + 4*l + 59, -4*z = 3*l + 98 + 73. Suppose -7*c + 5*c = -4. Let r be (c - z) + 28/7. What is the highest common factor of r and 5?
5
Let y(z) = 224*z - 1435. Let s be y(26). What is the highest common divisor of s and 154?
77
Let t = 13 - 19. Let c(q) = -17*q + 8 - 3 + 2 + 3*q. Let m be c(t). Calculate the greatest common factor of 13 and m.
13
Sup